*2 - 8*s - 3. Let d(g) = -5*a(g) + 6*x(g). Give d(-3).
-7
Let z(n) be the first derivative of -n**4/4 + 2*n**3 - 2*n**2 + 7*n - 137. Determine z(5).
12
Let s(t) = 2*t**3 + 3*t**2 - 9*t + 10. Let h(p) = p**3 + 2*p**2 - 4*p + 5. Let o(w) = -5*h(w) + 2*s(w). What is o(-4)?
-13
Let s(c) = -c**2 + 4*c + 5. Suppose 4 = -4*x + 100. Let u(m) = -2*m + 54. Let w be u(x). What is s(w)?
-7
Let c(v) = v**3 - 5*v**2 - 7*v + 8. Let j(o) = -o**2 - 8*o - 2. Let u be j(-7). Suppose -u*n = -n - 24. Determine c(n).
2
Let s(y) be the second derivative of 11 + 5/6*y**3 - y**2 + 1/12*y**4 - 2*y. Give s(-7).
12
Suppose -7 = -5*n - 22. Let d(y) = y**3 + y**2 - y - 1. Let f(z) = -2*z**2 - 2*z - 4. Suppose 0 = 7*v - 6*v - 1. Let k(a) = v*d(a) - f(a). Calculate k(n).
0
Let j = -6 - -3. Let d(q) = -430*q + 427*q + 2*q**3 - 3*q**3 + 2 - 4*q**2. Give d(j).
2
Let w(g) = g**2 + 15*g + 17. Let j be w(-14). Let u(f) = -5*f**2 - 6*f**2 + 10*f**2 - f - j*f**2 + 1. Let a be 10/6 + (-4)/6. Calculate u(a).
-4
Suppose 0*y = -y + 4*x + 2, -5*x - 5 = 0. Let n = -6 - -8. Let o(c) = -10*c + 2*c + 8*c - 2 + n*c**2. What is o(y)?
6
Let j(v) = 19*v + 3. Let f be j(1). Let a(h) = -21 - 2*h - f + 38 + h**2. What is a(5)?
10
Let g(w) = w**3 + 19*w**2 - 19*w + 22. Let p be g(-20). Let m(v) = -3*v. Let t(b) = 4*b. Let i(l) = -5*m(l) - 4*t(l). Calculate i(p).
-2
Suppose -2*i = -0*i. Let r(c) = 4*c + i*c - c**2 + 1 - c - c. Let l be (2 - -4)*4/8. Calculate r(l).
-2
Suppose 16 = 5*z + 6. Suppose 4*f = -4*i - 8, f + 3*f = z*i - 20. Let y(b) = 4*b**2 + 2*b + 1 - i*b**2 - b**2. Determine y(-4).
9
Let r(y) = -y**3 - 4*y**2 - y + 1. Let c = 53 + 61. Let b = c - 117. What is r(b)?
-5
Let h(b) = -11*b**2 - 3*b + 3. Suppose 8 = -24*y + 32. What is h(y)?
-11
Let q(b) = -484*b + 483*b - 1 - 1. Determine q(-6).
4
Let u(c) = 7*c**3 + c**2 - 6*c + 6. Let f(s) = 3*s**3 - 3*s + 3. Let g(a) = 9*f(a) - 4*u(a). Calculate g(-3).
3
Let z(j) = -6*j**2 + 5*j - 2. Let v(q) = 17*q**2 - 14*q + 5. Let m(g) = -4*v(g) - 11*z(g). Let b(n) be the first derivative of m(n). What is b(-2)?
9
Let j = 24 + -24. Let l(v) be the first derivative of -v**2/2 - 4*v - 30. What is l(j)?
-4
Let b(a) = 4*a**3 + 2*a**2 + a - 58. Let o(v) = -3*v**3 - v**2 + 47. Let p(z) = -4*b(z) - 5*o(z). Let g = 6 - 3. Suppose -g*k - 6 = -0*k. Determine p(k).
1
Let j(n) = -n + 14. Let k be j(12). Let h be 0 + 2 + 0 - k. Let c(r) = -r**3 + 7*r - 10. Let o(y) = y - 1. Let q(b) = c(b) - 6*o(b). Determine q(h).
-4
Let q(g) = g**2 + g - 6. Let c(f) = -f - 2. Let v be 36/(-27)*(-6)/4*2. Let l be c(v). Determine q(l).
24
Let t(w) = -w**3 + 7*w**2 - 8*w + 7. Let p = 74 + 6. Let h = p - 74. Calculate t(h).
-5
Suppose 7*x + 13 = 6. Let j(z) = z + 4 - 68*z**2 - 5 - 2*z + 50*z**2. Determine j(x).
-18
Let g(v) = 2*v + 426*v**2 - 427*v**2 - 2*v + 4*v - 4. Let u be 2 - -1*(0 + 3). Let n = u - 1. Give g(n).
-4
Suppose 4*j - 1 = 3. Let p(v) = 2*v + j + 2 - v + 0*v. What is p(0)?
3
Let x(h) be the first derivative of -7*h**3/3 + 2*h**2 - 2*h + 527. Calculate x(2).
-22
Let p(g) = -11 - 18*g - 4 + 14*g + 8. Give p(-7).
21
Suppose a + 2 = -r, 26 = a - 4*a + 2*r. Let b(w) be the first derivative of -4*w - 1/3*w**3 - 20 - 3*w**2. What is b(a)?
-4
Let w(v) = -2*v**3 - v**2 + v. Let t(f) = 9*f**3 + f**2 - 5*f - 2. Let j(q) = -t(q) - 4*w(q). Determine j(4).
-10
Let y(b) = 1. Let c be (-6)/(-5)*(-3 - 114/(-18)). Let g(f) = -6*f - 5. Let s(p) = p + 1. Let u(o) = -g(o) - 3*s(o). Let q(l) = c*y(l) - u(l). Calculate q(3).
-7
Let m(x) be the third derivative of -5*x**4/12 - 2*x**3/3 + 112*x**2 - 3. Give m(-2).
16
Let z(i) = -48*i**3 + 5*i**2 + 13*i + 9. Let y(l) = 12*l**3 - l**2 - 3*l - 2. Let p(h) = 9*y(h) + 2*z(h). Suppose 0 = -3*o + o + 2. Give p(o).
12
Let u(l) = -l. Let h(d) = 2*d. Let i(w) = -3*h(w) - 3*u(w). Let f(t) = 7*t - 1. Let r(o) = 2*f(o) + 5*i(o). Calculate r(-2).
0
Let f(w) = w**3 + w**2 + w. Let m = -91 - -95. Suppose -16 = -5*y - m*q, 29 = 5*q + 9. Calculate f(y).
0
Let m(n) be the second derivative of n**3 - 3*n**2 - 14*n - 4. Give m(-1).
-12
Suppose 4 - 2 = -3*u + 4*w, 4*u = -w + 10. Let f(o) = -3*o**2 - o**3 + 10*o**u - 4*o - 2*o. Give f(6).
0
Let c(h) = -2*h**2 + 7*h + 14. Let t(r) = 2*r**2 - 6*r - 16. Let v(w) = 3*c(w) + 2*t(w). Give v(-1).
-1
Let a = -39 - -50. Let g = 9 - a. Let v(z) = -5 + 4 + 5*z + 3. Give v(g).
-8
Let c(t) = -4*t + 37. Let q(l) = -22*l + 338. Let o be q(15). What is c(o)?
5
Let g(f) be the second derivative of f**5/20 - f**4/2 - 3*f**2/2 + 5*f. Let v be g(6). Let q(d) = -d + 2. Calculate q(v).
5
Let s be ((-148)/(-12) + -12)*15. Let n(d) = 2*d**2 - 2*d + 7. Give n(s).
47
Let j(b) be the second derivative of -1/6*b**3 + 0*b**2 + 5/12*b**4 - 1/20*b**5 - 2*b + 31. Give j(5).
-5
Let l(x) = 69*x + 66*x - 10 - 137*x. What is l(-5)?
0
Let a(f) = -f**3 - 7*f**2 - 1. Let h be a(-7). Let t(l) = -8*l**2 + 19*l - 8*l + 1 + 16*l**2 - 10*l. What is t(h)?
8
Let w(n) = -3 + 4 + 0 + n. Suppose 2*j + 9 = 5*j - 3*f, -2*j = 2*f - 10. What is w(j)?
5
Let f(m) = m**3 - 7*m**2 + 7*m - 2. Let p be f(6). Let s(t) be the second derivative of 5/12*t**4 - 1/20*t**5 + 0 - t**3 - t + 3/2*t**2. Determine s(p).
-5
Suppose 11 - 2 = -3*d. Let x(o) = -6*o**2 - o**3 - 63 + 0*o**3 + 3*o**2 - o + 65 + 2*o**2. Give x(d).
23
Let y(f) be the second derivative of -f**3/3 + 9*f**2/2 + 9*f + 2. Calculate y(7).
-5
Let a(k) = 4*k**2 + 146 + 12*k - 138 - 3*k**2. Give a(-8).
-24
Let y(b) = -11*b - 24 + 5*b + b - 7 + 2*b. Calculate y(-13).
8
Let j(q) = -q**3 - 2*q**2 + 4*q - 1. Let y(i) = 17*i - 269. Let t be y(16). Give j(t).
-34
Let r(w) = -w**2 - 6*w + 8. Let q be 3 - (-2)/(2/17). Suppose -2*g - 2 = -q. Let h be (-3 - (g - 3)) + 3. Give r(h).
8
Let a(g) = 17 + 1739*g**2 - 7 + 18*g - 1737*g**2. Give a(-9).
10
Let w be (((-5)/2)/5)/((-12)/(-168)). Let j(i) = -i - 7. Calculate j(w).
0
Let w(l) be the second derivative of 13*l + 1/12*l**4 - 2/3*l**3 + 0 - l**2. Calculate w(5).
3
Let b(x) = -x**3 + 7*x**2 - 8*x + 7. Let g be 3*1410/63 + (-1)/7. Let d = g + -61. What is b(d)?
-5
Let r be 1/((-2)/8*-2) - 0. Suppose 0 = -3*c + i - 12, 3*c - r*i = -3 - 6. Let w(d) = -d - 1. Calculate w(c).
4
Let q = 72 - 77. Let h(v) = v**3 + 6*v**2 + 4*v - 1. Determine h(q).
4
Let g(n) = 10*n**2 + 1. Suppose -6*m + 3*m = 0. Suppose 4*y - 2 = -x + 1, m = 5*x + y + 4. Calculate g(x).
11
Let j(z) = -9*z**3 - z. Let v be -1 - 1 - -1*5. Suppose 0 = 4*l - 2*u - 4, 3*u - 2*u + v = l. What is j(l)?
10
Let b(w) = w + 2. Let l(x) = -x - 2. Let s = 24 - 10. Let q(m) = -m**2 + 15*m - 17. Let v be q(s). Let o(a) = v*l(a) - 2*b(a). What is o(-6)?
-4
Let d = -31 - -14. Let y = d - -10. Let b be y + (-2)/(-4)*2. Let n(i) = i**3 + 6*i**2 - 2*i - 7. Give n(b).
5
Let x(r) = 2*r**2 - 36*r + 82*r + 3 - 51*r. What is x(3)?
6
Let f(b) = b**3 - 7*b**2 + 5*b + 6. Let j = -151 - -156. Determine f(j).
-19
Suppose -4*u + 73 = -5*p, 4*u = p - 2*p + 91. Let x(o) = o**2 - 23*o + 18. Let m be x(u). Let q(k) = -3*k - 1. What is q(m)?
11
Let p be 4/(6/9 + 0). Let h(j) = -j - j**3 - p*j**2 + 4 - 3*j + 0*j - j. Let x = -12 - -7. Give h(x).
4
Let t(b) be the first derivative of b**2/2 - 9*b + 289. Let r(o) = 6*o. Let q be -1*(3 + -1 - 3). Let k be r(q). Give t(k).
-3
Let a(i) be the first derivative of i**3/3 - i**2 - 2*i + 23. Let z(r) = r**2 + 5*r - 7. Let u be z(-5). Let b = 10 + u. What is a(b)?
1
Let r(s) be the second derivative of 3*s**5/20 + s**3/3 - s**2/2 + 6*s. Let c(k) = 4*k**3 - k**2 + 3*k. Let o(h) = -2*c(h) + 3*r(h). Let t = -6 - -3. Give o(t).
-12
Suppose 0 = -3*m + 4*m - 4, -2*i - 4*m + 16 = 0. Let h(l) be the first derivative of -l**3/3 + 7*l + 2. Determine h(i).
7
Let o(q) = -q**2 - 23*q - 5. Suppose 3*h - 8 = -77. Let k be o(h). Let b(a) be the first derivative of -a**3/3 - 3*a**2 - 1. Give b(k).
5
Let h(z) = 14*z**3 - 24*z**3 + 2*z + 452 - 451. What is h(-1)?
9
Suppose r + 3*s = 3*r - 44, 4*r - 2*s = 88. Let b = 18 - r. Let z(n) = -n**2 - 4*n - 3. What is z(b)?
-3
Let w(f) be the third derivative of -f**4/24 + 23*f**3/6 + 5*f**2. Determine w(13).
10
Let w(d) be the first derivative of -d**4/4 - 2*d**3 + d**2/2 - d - 348. Determine w(-7).
41
Let g be -1 - (-2)/2*4. Let m be ((-2)/(-10))/((5 - g)/10). Let u(r) = 9*r**3 + 1. Determine u(m).
10
Let r be 1*(-10)/(-5) + -1. Let o(y) = 3*y - 1. Let v be o(r). Let t(p) = -4 + p**v - 